?
4
Let d = 81 - 114. Let a = -29 - d. Suppose 0 = -4*z + 2*c + 110, -a*z = -5*c - 168 + 55. What is the units digit of z?
7
What is the thousands digit of (-379)/((3/(-3))/3)?
1
Let f(h) = h**3 - 4*h**2 + 3*h + 4. Let j = -20 - -23. Let d be f(j). Suppose -d*z + 33 + 139 = 0. What is the units digit of z?
3
Let k = 8 - 14. Let r be (k/(-8))/(5/20). Suppose 0 = r*w - 12, -5*c + 122 = -2*w - 0*w. What is the tens digit of c?
2
What is the hundreds digit of 3161 - (-60)/(20/(-2))?
1
What is the hundreds digit of ((-3590)/4)/(-4*(-15)/(-120))?
7
Suppose 5*b - 2*b + 4*b = 0. Suppose b = 5*t + 74 - 179. What is the tens digit of t?
2
Let k be (11/3)/((-8)/(-1104)). Suppose -a = -4*v - 3*a + k, 2*v - 247 = -3*a. What is the units digit of v?
8
Suppose -3*b + 224 = q - 0*q, 140 = 2*b - 4*q. What is the units digit of b?
4
Let d be (2/3)/(7/((-630)/(-12))). Suppose 0 = -3*m + 3*l + 177, -2*l + d*l = -2*m + 143. What is the tens digit of m?
6
Let j(h) = 181*h - 4. Let z be j(1). Let l = z - 86. What is the units digit of l?
1
Suppose 12*k - 8*k = 232. What is the tens digit of k?
5
Let q = 32 - 32. Suppose 5*m + q*i - 5*i - 190 = 0, 0 = 2*m + 4*i - 76. What is the tens digit of m?
3
Suppose -5*b = -4*g - 1900, 3*g - 9 - 6 = 0. What is the tens digit of b?
8
Suppose 11*q - 8*q = 6. Suppose -q*u + 417 = 3*o, 5*u + 232 - 1309 = 4*o. What is the units digit of u?
3
Let o(f) = -4*f**3 + f**2 + 3. Let d(y) = -9*y**3 + 3*y**2 + y + 7. Let z(p) = 2*d(p) - 5*o(p). What is the units digit of z(3)?
8
Suppose q + d - 11 = 0, 3*q - 4*d = 16 + 3. What is the units digit of q + -4*(2 - 1)?
5
Suppose -40*w + 6*w = -55250. What is the thousands digit of w?
1
Suppose -2*l + 11 - 9 = 0. Let h = 61 + l. What is the tens digit of h?
6
Suppose 5*w + 15 = 45. Suppose -33 = w*o - 543. What is the tens digit of o?
8
Suppose -16*i + 41*i - 1025 = 0. What is the units digit of i?
1
Let z(f) = 3*f - f**2 + 8*f - 32 + 26. Let t be z(5). Suppose -2*j - 40 = -5*h, 5*h + 3*j - t = 41. What is the units digit of h?
0
Suppose 5*f + 4*w - 42 = 0, 12 = -0*f + 3*f - 2*w. Suppose f*c - 640 = -10*c. What is the tens digit of c?
4
Suppose -5129 - 5271 = -10*n. What is the thousands digit of n?
1
Suppose -4*z + 35 = -y - 35, 98 = 5*z + 4*y. Let u = 126 - z. Suppose 0 = -0*q + 2*q - 4*v - 80, -4*q - 5*v = -u. What is the units digit of q?
2
Suppose 4*l = -a + 2898 + 2374, 3954 = 3*l + a. What is the hundreds digit of l?
3
Suppose 6*g + 660 - 2706 = 0. What is the units digit of g?
1
Let a(v) = -44 + 35 - 2*v + 0*v**2 + v**2. What is the tens digit of a(6)?
1
Suppose o - 3*o + 10 = 0, -n - 3*o = -21. Let q = n - -20. Suppose -6 = -p + q. What is the units digit of p?
2
Suppose -3*g + 5*f = -1076, 2*f + 4 = -2*f. What is the units digit of g?
7
Let m = 27 + -23. Suppose 5*r + 3*h = 7*h + 334, 4 = -m*h. What is the units digit of r?
6
Let j = 463 - 26. What is the units digit of j?
7
Let m = 356 - -1570. What is the tens digit of m?
2
Let h be (-26)/(-7) + (-6)/(-21). Let y be (6 - 25)*1*-1. Suppose 0 = -h*i - 13 + 1, 2*l - 3*i = y. What is the units digit of l?
5
Let v = 1519 - 827. What is the hundreds digit of v?
6
Let g = -18 + 28. Let j = 36 - g. What is the tens digit of j?
2
Suppose -5*u = -2*d + 129, u = 10*d - 6*d - 303. What is the units digit of d?
7
Suppose 4*v - 9194 = -3*p, 4*v - 9196 = -27*p + 23*p. What is the tens digit of v?
9
Let f(z) = 2*z**2 - 6*z + 4. Let y be f(5). Let r be (-12)/y*1*-2. What is the tens digit of (-8)/((r + -5)/8)?
1
Suppose -493 = -3*h - 130. What is the hundreds digit of h?
1
Let p be 69/(-2) - (-12)/24. Let m = 43 + p. What is the units digit of m?
9
Let a(i) = i**3 - 12*i**2 + 9*i + 24. Let u be a(11). Suppose 2*c - 404 = -u*c. What is the tens digit of c?
0
Let l(o) = 5*o**2 + 22*o - 67. What is the tens digit of l(11)?
8
Let g(i) = 3*i**2 - 3*i + 3. Let h(y) = 7*y**2 - 5*y + 5. Let f(o) = 9*g(o) - 4*h(o). Let p(s) = -4*s + 9. Let q be p(4). What is the units digit of f(q)?
7
Suppose 0*x = -5*x + 10. Let n be 1*(-7 + 6)/(1/(-10)). Suppose -4*t + n = -x. What is the units digit of t?
3
Let x = -9 + 6. What is the units digit of 8*(34 - x)*(-2)/(-4)?
8
Suppose -999 = -5*i + 4*i - 5*n, 4*i - 4013 = -3*n. What is the thousands digit of i?
1
Suppose -3*h - 15 = -258. Let w(f) = -2*f - 2*f + f**2 - 75 + h. What is the units digit of w(8)?
8
Let v be 20/6 - 5/15. Suppose 0 = -0*l + 2*l - v*k - 182, -190 = -2*l + 5*k. What is the units digit of l?
5
Suppose -1088 = -2*m + 586. What is the hundreds digit of m?
8
Suppose 4 = 5*w - 136. Suppose b = w + 70. Suppose -5*i = 33 - b. What is the units digit of i?
3
Let g(d) = 293*d - 9. What is the units digit of g(1)?
4
Let s be (-420)/(-26) + ((-88)/(-104) - 1). Let d = 225 + s. What is the hundreds digit of d?
2
Let p(j) = -j + 3. Let i be p(7). What is the units digit of (2 + -4)/(i/78)?
9
Suppose -4*d - 6 = -3*h - 18, 0 = -d + 5*h + 20. Suppose 0 = -4*u - d*u + 20. What is the units digit of u?
5
Let d(z) = 35*z**2 + 17*z - 9. What is the hundreds digit of d(5)?
9
Suppose 0 = -2*j + r + 4457, 0*j + 11156 = 5*j + 2*r. What is the thousands digit of j?
2
Suppose 7*a + 290 = 12*a. Suppose 4*q + a = 5*o + 276, 2*o - 5*q = -77. Let w = -18 - o. What is the units digit of w?
8
Let y = -1968 - -3148. What is the units digit of y?
0
Suppose 0 = 2*k - 4*k + 8. Suppose 4*y = k*a + y - 151, -y = 4*a - 131. Let j = a + 23. What is the tens digit of j?
5
Suppose 26*o - 2990 = 21*o. What is the tens digit of o?
9
What is the units digit of 10426/18 + (-5)/90*4?
9
Let u = 21 + -16. Suppose u*b - 1136 = -216. Suppose 5*q - 2*a - b = -0*a, 4*a - 12 = 0. What is the tens digit of q?
3
Let h(u) = 3*u**2 + u - 1. Suppose -6 = -2*z, -3*b = -5*z - 2 - 1. Suppose b + 9 = -5*f. What is the units digit of h(f)?
3
Let l be (-6)/(-4) - (-228)/24. Suppose -4*m = -l*m + 1442. What is the hundreds digit of m?
2
Let z(d) = d**2 - 8*d - 20. Suppose -b + 3*y = 2*b + 39, -b - 5*y - 19 = 0. What is the hundreds digit of z(b)?
2
Suppose 2*m + 3*m - 95 = 0. Let h = -17 + m. Suppose 3*l + 4*s - 85 = 5*s, -s + h = 0. What is the tens digit of l?
2
Suppose 0 = -17*q + 16*q + 266. What is the units digit of q?
6
Suppose -n + 171 = 3*j - 349, 526 = 3*j - 2*n. What is the tens digit of j?
7
Let s = 14050 - 8222. What is the hundreds digit of s?
8
Let u(b) = b + 4. Let q(j) = -j**2 + 5*j + 10. Let z be q(7). Let w be u(z). Suppose w = -4*o + 32 - 4. What is the units digit of o?
7
Suppose x - 5*x = -7*x. Suppose -b - 2*m = -97, 2*b + 5*m - 192 = -x. What is the tens digit of b?
0
Let s be (120/(-14))/((-16)/(-112)). Let d = 98 - s. What is the hundreds digit of d?
1
Suppose 4 = 2*l, -1111 = -5*w - 2*l + 4*l. Suppose 2*r - r = -j + w, j + 215 = r. What is the hundreds digit of r?
2
Suppose -3*n + 23 = 2. Suppose -16 = 5*b - n*b. What is the units digit of b?
8
Let r = 5436 - 1196. What is the tens digit of r?
4
Let p be (12/(-2))/((-2)/(-2)). Suppose -29 - 7 = 4*v. Let s = p - v. What is the units digit of s?
3
Let o be 2/3 + 43/3. Suppose x + 0*x = o. What is the units digit of x?
5
Let a(t) = -9*t**2 + 2*t + 11*t**2 + 1 + 14*t**2 - 5. What is the hundreds digit of a(-4)?
2
Let v = 51 + -47. What is the units digit of (-8)/(2 - v)*495/12?
5
Let q = 7616 - 4156. What is the hundreds digit of q?
4
Let k(i) = 196*i**2 - 17*i - 28. What is the tens digit of k(4)?
4
Let p(r) = -21*r**3 - r**2 + 7*r - 20. Let z(j) = -5*j**3 + 2*j - 5. Let a(i) = 2*p(i) - 9*z(i). Let f be a(2). What is the units digit of 6/39 - (-336)/f?
6
Let n be ((-6)/(-18))/((-2)/(-30)). Suppose n*u - 151 = 4*q - 371, -23 = u - 5*q. Let i = 71 + u. What is the tens digit of i?
2
Suppose -2 = r - 5. Let c be ((-1)/r)/(2/(-174)). Suppose 2*z - 5*g - c - 56 = 0, 3*z = 5*g + 115. What is the tens digit of z?
3
What is the tens digit of -1550*((-8)/2)/(-14 - -16)?
0
Let p(y) = -6*y - 5. Let t be p(3). Let g = t - -27. Suppose -b = -g*b + 90. What is the units digit of b?
0
Suppose 4*q + 3*u - 2*u - 2424 = 0, -5*q + 4*u + 3051 = 0. What is the tens digit of q?
0
Let f(i) be the third derivative of i**5/60 + 7*i**4/24 + 14*i**3/3 + 16*i**2. What is the tens digit of f(-12)?
8
Let q(j) = -2*j - 5. Let c be q(-4). Suppose 2*o + 0 - 6 = 0. Suppose 0 = -c*p - o, -g = 5*p + 4 - 12. What is the tens 